a factor of 73751566?
True
Does 70 divide 590621080?
True
Is 1117837279 a multiple of 24?
False
Does 3646 divide 3261715306?
False
Does 373 divide 36584586?
True
Is 146013096 a multiple of 44?
False
Is 254423028 a multiple of 424?
False
Does 144 divide 173937456?
True
Does 5943 divide 364104629?
False
Does 93 divide 5317537?
False
Is 645 a factor of 84286443?
False
Is 265359738 a multiple of 203?
False
Is 4962 a factor of 3225577667?
False
Is 131118332 a multiple of 4?
True
Is 15658755 a multiple of 2679?
True
Is 6009 a factor of 268763261?
False
Does 9 divide 312890670?
True
Is 64775270 a multiple of 3451?
True
Is 255126935 a multiple of 348?
False
Is 545 a factor of 38221723?
False
Is 194922068 a multiple of 37?
True
Is 69 a factor of 19327314?
True
Is 106035722 a multiple of 53?
True
Does 177 divide 1479147752?
False
Is 111774598 even?
True
Is 446980150 a multiple of 140?
False
Is 223558616 a multiple of 388?
True
Is 7983566 a multiple of 1523?
True
Does 179 divide 246811250?
False
Is 11927656 a multiple of 38?
False
Does 517 divide 7870808?
True
Is 73 a factor of 57473776?
True
Is 8 a factor of 271669622?
False
Is 5905394 a multiple of 22?
True
Does 191 divide 387415041?
True
Is 302289770 a multiple of 61?
True
Is 356 a factor of 79290812?
True
Is 422024742 a multiple of 87?
False
Is 11753523 a multiple of 221?
False
Is 72 a factor of 69547337?
False
Is 72339828 a multiple of 132?
True
Does 48 divide 1983167184?
True
Does 120 divide 17828593?
False
Is 51 a factor of 2624078?
False
Is 15 a factor of 1412802120?
True
Is 120977879 a multiple of 296?
False
Is 495 a factor of 10184625?
True
Is 18 a factor of 547729746?
False
Does 116 divide 2073500?
True
Does 25 divide 1406809425?
True
Is 10 a factor of 880601770?
True
Is 874 a factor of 61111451?
False
Does 5178 divide 3206041548?
True
Is 83 a factor of 98127746?
True
Is 1451 a factor of 116888259?
False
Does 37 divide 129962066?
False
Is 166902745 a multiple of 2305?
True
Is 2209912614 a multiple of 7434?
True
Does 4 divide 11784031?
False
Is 12683240 a multiple of 40?
True
Is 39294336 a multiple of 6?
True
Is 77 a factor of 7741577?
False
Is 27 a factor of 409940277?
False
Does 1874 divide 823113272?
True
Is 238 a factor of 4075512?
True
Does 344 divide 393006?
False
Is 75656209 a multiple of 55?
False
Does 62 divide 107829098?
True
Does 7 divide 66570393?
False
Is 463 a factor of 3356487946?
False
Is 346368880 a multiple of 169?
True
Does 1197 divide 22802850?
True
Is 38053920 a multiple of 32?
True
Is 14 a factor of 16906046?
False
Does 19 divide 293726179?
False
Does 551 divide 33343214?
True
Is 225 a factor of 22236975?
True
Is 19440564 a multiple of 6?
True
Does 4 divide 36629791?
False
Is 2652334088 a multiple of 1592?
True
Is 1023 a factor of 86517156?
True
Is 635 a factor of 155235345?
False
Does 22 divide 50421338?
True
Does 597 divide 15880396?
False
Is 164878804 a multiple of 29?
True
Is 30628134 a multiple of 75?
False
Is 145 a factor of 16797525?
True
Is 1653 a factor of 87442108?
False
Does 310 divide 111437264?
False
Does 4 divide 274752536?
True
Is 139193620 a multiple of 1292?
True
Is 71476920 a multiple of 2705?
True
Does 32 divide 693546955?
False
Is 2610936 a multiple of 6?
True
Is 65262519 a multiple of 129?
True
Is 3369960480 a multiple of 2224?
True
Is 2018234 a multiple of 214?
True
Does 3 divide 8515461?
True
Does 116 divide 14879715?
False
Is 1287 a factor of 682110?
True
Is 308895538 a multiple of 7?
True
Does 68 divide 173738504?
True
Is 93 a factor of 59052295?
False
Is 2598 a factor of 1038945160?
False
Is 642614304 a multiple of 3664?
True
Is 578 a factor of 7134832?
True
Is 13028946 a multiple of 57?
True
Is 6425146 a multiple of 6?
False
Is 32256891 a multiple of 2?
False
Is 77 a factor of 346953068?
True
Does 592 divide 1565840?
True
Does 980 divide 447618920?
True
Is 1601 a factor of 8610178?
True
Is 248219648 a multiple of 128?
True
Is 11916561 a multiple of 18?
False
Does 10 divide 2376030?
True
Does 6 divide 120111966?
True
Is 174 a factor of 19024812?
True
Does 455 divide 47810112?
False
Is 264 a factor of 2112973632?
True
Does 17 divide 20869098?
True
Does 35 divide 1786330?
True
Is 4481 a factor of 4314920697?
True
Is 964 a factor of 31051404?
True
Is 12 a factor of 147784746?
False
Is 660279173 a multiple of 19?
False
Does 548 divide 18202916?
True
Is 492510506 a multiple of 3903?
False
Does 8 divide 31862936?
True
Is 243905489 a multiple of 365?
False
Is 16 a factor of 76982219?
False
Does 78 divide 62413946?
False
Does 35 divide 29917930?
True
Does 9 divide 1927525514?
False
Is 258164718 a multiple of 137?
True
Does 10 divide 338611757?
False
Is 6 a factor of 1100194020?
True
Is 36040319 a multiple of 73?
True
Does 22 divide 2749668339?
False
Is 489 a factor of 774391109?
False
Is 110112296 a multiple of 2812?
True
Is 1543320 a multiple of 9?
True
Is 13819523 a multiple of 599?
False
Does 4 divide 32720391?
False
Does 243 divide 178359570?
True
Does 360 divide 115656120?
True
Does 96 divide 96839040?
True
Is 2522 a factor of 87689561?
False
Does 3380 divide 5184480860?
False
Is 31929152 a multiple of 736?
True
Is 25 a factor of 10508950?
True
Does 27 divide 3023099361?
True
Is 112 a factor of 155021930?
False
Is 173 a factor of 805067587?
False
Is 15 a factor of 684636060?
True
Is 4546187 a multiple of 1068?
False
Is 3077064 a multiple of 9?
True
Is 7214216 even?
True
Is 35 a factor of 343952665?
True
Is 6664 a factor of 45976193?
False
Is 12 a factor of 312954640?
False
Is 68 a factor of 62408836?
True
Does 3 divide 14859?
True
Is 78 a factor of 986204466?
True
Is 1908799704 a multiple of 1689?
True
Is 1351606088 a multiple of 15?
False
Does 249 divide 204369987?
True
Is 166851782 a multiple of 86?
True
Is 2 a factor of 1005015?
False
Is 1664 a factor of 80111147?
False
Does 446 divide 1758714287?
False
Is 180 a factor of 5052374280?
True
Is 197 a factor of 1023415?
True
Is 3 a factor of 26276615?
False
Is 25222275 a multiple of 14?
False
Is 91700868 a multiple of 708?
True
Is 466549970 a multiple of 382?
True
Is 100325510 a multiple of 316?
False
Is 267403530 a multiple of 190?
True
Is 6 a factor of 2687733079?
False
Does 7 divide 2195580?
False
Is 155704692 a multiple of 21?
False
Is 12373240 a multiple of 5?
True
Is 107 a factor of 15388969?
False
Is 1617806193 a multiple of 753?
True
Is 68833468 a multiple of 148?
True
Is 110723985 a multiple of 22?
False
Is 11 a factor of 6743033?
True
Is 7 a factor of 10631504?
False
Is 3777 a factor of 103625772?
True
Does 135 divide 16375230?
True
Does 141 divide 4533637?
False
Does 37 divide 275055595?
True
Is 82 a factor of 319914554?
True
Does 9 divide 37102131?
True
Is 428480229 a multiple of 1085?
False
Is 79 a factor of 3412721?
True
Does 65 divide 37305911?
False
Does 21 divide 810945072?
True
Is 556960238 a multiple of 55?
False
Does 123 divide 227030694?
True
Is 7921189 a multiple of 419?
False
Is 971962419 a multiple of 488?
False
Is 42 a factor of 1096637304?
True
Is 1406820495 a multiple of 205?
True
Is 14 a factor of 35007148?
False
Is 77453691 a multiple of 31?
False
Is 12 a factor of 137772108?
True
Does 295 divide 254475091?
False
Is 16087136 a multiple of 1194?
False
Is 119388060 a multiple of 11?
True
Is 67992835 a multiple of 171?
False
Does 230 divide 58090410?
True
Is 10784723 a multiple of 3?
False
Is 42 a factor of 7121142?
True
Is 924 a factor of 39796559?
False
Is 34598304 a multiple of 78?
True
Is 37 a factor of 74869537?
True
Is 10271816 a multiple of 39?
False
Is 242800845 a multiple of 105?
True
Is 19 a factor of 10184333?
False
Does 305 divide 27501850?
True
Does 1791 divide 153864810?
True
Is 93 a factor of 382771725?
True
Does 197 divide 4970904?
False
Does 38 divide 6373664?
True
Does 1802 divide 178494142?
False
Does 442 divide 433512333?
False
Is 17908354 a multiple of 65?
False
Does 517 divide 1082677125?
False
Is 1034854038 a multiple of 326?
False
Is 5 a factor of 89818482?
False
Is 152027232 a multiple of 7?
True
Is 27001267 a multiple of 13?
False
Is 101171238 a multiple of 42?
True
Is 14864691 a multiple of 254?
False
Is 13 a factor of 2131814542?
True
Is 747 a factor of 54012287?
False
Is 20 a factor of 62282940?
True
Is 19466685 a multiple of 45?
True
Is 2076